
Let a(t) = -45*t**2 - 4*t + 12*t**2 + 11*t**3 - 12*t**3 + 24*t**2 + 8. Calculate a(-10).
148
Let q(d) = d + 2. Let c(s) be the third derivative of -s**5/30 + 7*s**4/6 + 4*s**3 + s**2 - 11*s. Let n be c(15). Give q(n).
-4
Let g(h) be the first derivative of 5*h**3/3 - 2*h**2 + 10*h + 149. Let r(p) = -4*p**2 + 5*p - 10. Let k(q) = -3*g(q) - 4*r(q). Give k(4).
-6
Let p(r) = -r**2 + 1. Let u(o) = 5*o**2 + o. Let l = 52 - 36. Suppose 72*t = 76*t + l. Let b(g) = t*p(g) - u(g). Determine b(0).
-4
Suppose -2374*v = -2362*v + 96. Let r(s) = -12*s - 92. Give r(v).
4
Let o(m) = -3*m + 4*m - 1 - 2*m - m**2. Let j = -4153 + 4151. Determine o(j).
-3
Let b(r) = -r**2 - 24*r + 2. Let m be b(-24). Suppose -3*s + 152 = m*z, 5*s = 2*z + 33 + 215. Let o = 51 - s. Let h(t) = 16*t**2 - 2*t + 1. What is h(o)?
15
Let g be (-7)/(-14)*(1 + 65). Suppose g + 9 = 14*l. Let m(i) = 2*i**2 - 5*i + 4. What is m(l)?
7
Let l(j) be the second derivative of -j**4/12 + 3*j**3/2 + 8*j**2 - 9420*j. Let r = 23 - 12. Calculate l(r).
-6
Let j = 36 + -33. Let l(x) = -10*x - 5 - 3*x**2 + 4*x**2 - 10 + j. Calculate l(12).
12
Let r = 1 + -4. Let p be (-2)/5*(-2 + r). Let s(l) = 7*l**2 + 7*l - 1. Let b(o) = 6*o**2 + 6*o - 1. Let u(v) = 6*b(v) - 5*s(v). Give u(p).
5
Let l(w) be the second derivative of -7*w**3/3 - 3*w**2 - 614*w. Determine l(0).
-6
Let k(x) = -423*x**2 + 2*x + 41. Let s(q) = 133*q**2 - q - 13. Let z(n) = 4*k(n) + 13*s(n). Give z(-1).
37
Let y be 175/55 + (-2)/11. Let r(s) = -5*s + 11*s - 3*s**3 + 4 + 2*s**3 + 2*s**3 - 11*s + s**2. Give r(y).
25
Let y be 9/(((-30)/4)/(-5)). Let i(j) = -3*j**2 + 2*j**2 - 5 - y*j + j**3 + 6*j**2. Let u be (126/(-315))/(2*2/60). Determine i(u).
-5
Let y = 11 + -4. Let x(r) = 5 - 7*r**2 + r**2 - 2*r + y*r + r**3. Suppose 183*u + 11 = 185*u + s, 2*s - 2 = 0. Determine x(u).
5
Let d(a) = -2*a**3 - a**3 + 7*a + 2*a**3 + 2*a**2 - 6 + 4*a**2. Suppose -43*t - 27*t + 518 = 4*t. Determine d(t).
-6
Let k(r) = -6*r**2 + 2*r - 20. Let v(f) = 19*f**2 - 6*f + 57. Let o(l) = 17*k(l) + 6*v(l). What is o(1)?
12
Suppose 9 - 43 = 52*j + 226. Let h(x) = -x**3 + 4*x**2 + 48*x + 6. Calculate h(j).
-9
Let j(y) be the first derivative of 20*y**2 + 4*y - 941. Calculate j(-2).
-76
Suppose 18 = -4*v - 8*v + 21*v. Let k(g) = 5*g**2 - 4*g + 5. Determine k(v).
17
Let w(l) be the second derivative of -3*l**3/2 + 77*l**2 + 1598*l. What is w(16)?
10
Suppose -220*v + 905 = -215*v. Let h(p) = 181 + 2*p - 3*p - v. Let j = -5 - -7. Give h(j).
-2
Let n(w) = 0*w**3 - 3*w**2 + w**3 + 45*w + 11 - 85*w + 44*w + 12*w**2. Determine n(-8).
43
Let m(t) = t**3 + 10*t**2 + 4*t - 11. Suppose -304 + 64 = 73*a + 125. Give m(a).
94
Let u(w) = -w**3 + 15*w**2 + 32*w + 37. Let d be u(17). Let m = 41 + 95. Let c(y) = -2 + 130*y - m*y + 0. Determine c(d).
-20
Let q(s) be the third derivative of 0 + 1/2*s**3 - 1/120*s**6 - 1/15*s**5 + 0*s + 20*s**2 - 1/12*s**4. Determine q(-3).
0
Suppose 0 = -108*c + 113*c - 10. Let t(z) = -z**3 + 2*z**2 + 1. Calculate t(c).
1
Let s be (2/3)/(1/(-3)). Suppose -w - 1 = -0*w - 3*k, -4*w - 2*k + 10 = 0. Let u(q) = 20516*q + w*q**3 + 5 - 3 - 20512*q + 4*q**2. Give u(s).
-6
Let h(z) = 209*z - 1044. Let p be h(5). Let m(b) = -177*b - 2. What is m(p)?
-179
Let d be (-47892)/(-65) + (-2)/(-10). Let k = -736 + d. Let l(m) = 6*m**3 - 2*m**2 + 2*m - 1. What is l(k)?
5
Let f(x) = -x**2 - 2*x + 3*x + 3*x + 4. Let b = -8513 - -8519. Determine f(b).
-8
Let b = -16 - 197. Let l = b - -221. Let z(u) = -u**2 + 10*u + 4. Calculate z(l).
20
Let z(o) = -o + 2. Suppose f + 3*h = 8, -3*f - h - 3*h + 4 = 0. Let m(p) = -3. Let u(n) = f*z(n) - 3*m(n). What is u(2)?
9
Let r(o) = o + 1. Let d(h) = -2*h - 9. Let l(t) = d(t) - r(t). Let p be l(-6). Suppose 0 = -p*b + 48 - 8. Let y(a) = a - 6. Determine y(b).
-1
Let p be (6/(-8))/((-1)/(-4)). Let n(f) be the second derivative of 4/3*f**3 + 11 - f + 1/12*f**4 + 2*f**2. What is n(p)?
-11
Let m(j) = j**3 + 119*j**2 + 3383*j - 71. Let u be m(-72). Let b(q) = 6*q - 1 - q + 0*q. Calculate b(u).
4
Let j(v) = -v**2 + 6*v - 3*v + 5 + 8*v. Let y(t) = 68*t**3 + 1229*t**2 + 91*t + 28. Let b be y(-18). Give j(b).
15
Let b(t) = 7 - t - t + 6*t - 3*t. Suppose -16*a = 127 - 47. Give b(a).
2
Let b(x) be the second derivative of -1/20*x**5 - 5 - 1/4*x**4 + 7*x - 3/2*x**2 + x**3. Calculate b(-5).
17
Let n(x) = -2*x - 26. Let p be (-50)/4*(74/(-20) + 702/156). Determine n(p).
-6
Let x(g) = g**3 - 5*g**2 + 9*g + 3. Suppose 2*s + 21 + 1 = 0. Let n(f) = 6*f**3 - 25*f**2 + 46*f + 17. Let h(k) = s*x(k) + 2*n(k). Give h(-6).
7
Let b(o) be the third derivative of 3*o**4/4 - 22*o**3/3 + 2*o**2 - 97. Determine b(2).
-8
Suppose 149*c = 49*c + 471 + 229. Let m(t) = -4*t + 14. What is m(c)?
-14
Let m(x) = -x**2 - 18*x - 67. Let b be m(-13). Let j(a) = -2*a + 1. Let h(s) = -5*s - 5. Let q(i) = b*j(i) + h(i). Determine q(-5).
-2
Let n(c) = 0*c**2 - 5*c**2 - c**3 + 2*c**3 + 5*c + 1. Suppose -3*b + b - m - 461 = 0, -226 = b - m. Let x = -225 - b. What is n(x)?
5
Let x(c) = 2*c + 7. Let g = -636 + 621. Let l be 5*(8 - (-147)/g). Give x(l).
-11
Let w(t) be the second derivative of -67*t + 0 + 2*t**2 + 1/3*t**3. What is w(-5)?
-6
Let k(p) be the first derivative of -p**3/3 + 4*p**2 + 11*p + 15. Suppose z = 4*d - 84, -3 + 0 = d. Let v = z + 105. Calculate k(v).
2
Suppose 5*s = 6*s - 5. Let r(j) = 44*j**2 - 710*j + 704*j + 2 - 42*j**2. Determine r(s).
22
Let a(h) be the first derivative of 19/4*h**4 + 0*h + 1/2*h**2 + 0*h**3 + 197. Determine a(-1).
-20
Let p(j) = 10*j + 136. Let b be p(-13). Let i(c) = -1 - 81*c - 83*c + b + 165*c. Calculate i(0).
5
Let b(j) = 38 - 79*j - 80*j + 166*j - 41. Determine b(-2).
-17
Let j(d) = -4*d**2 - 30*d + 2. Let i be j(-7). Let y(m) = 8 + 8 - m - i. Let b be -5 - -3 - (0 - 7). Calculate y(b).
-5
Let j(b) be the first derivative of -b**3/3 - 2*b**2 - 5*b - 2126. Suppose -2*g - 6 = -4*g. Suppose g*v + 6 = 0, -3*v + 0*v = 3*u + 24. Determine j(u).
-17
Let i(t) = 23*t - 1. Suppose 6*l + 8*l + 42 = -28. Calculate i(l).
-116
Let l(r) = -r**2 + 3*r + 3. Let z(m) = -3*m**2 + 11*m + 7. Let k(f) = -11*l(f) + 4*z(f). Let o = 17 + -10. Suppose -2*t = -o*t + 20. Determine k(t).
23
Let k(j) = -34*j + 54. Let z be k(2). Let t(c) = 2*c + 16. Let b(o) = -1. Let w(s) = 4*b(s) - t(s). What is w(z)?
8
Let q(s) = -351 + 93 + 92 + 92 - 12*s + 86. What is q(7)?
-72
Let b(d) be the second derivative of -1/12*d**4 + 1/60*d**5 + 0*d**2 + 0 + 21*d - 1/3*d**3. Let a(u) be the second derivative of b(u). Determine a(4).
6
Let d(z) = -71*z + 238. Let f(x) = -24*x + 91. Let r(n) = 3*d(n) - 8*f(n). Determine r(-6).
112
Let o(b) = 2*b - 9. Let m = 215 - 125. Suppose 20*j - m = 70. Give o(j).
7
Let w(k) = -2*k + 6. Suppose 46*t + 14*t = 120. Give w(t).
2
Let m(n) be the third derivative of n**6/180 + 7*n**5/60 + n**4/6 - 3*n**3 - 9*n**2. Let t(j) be the second derivative of m(j). Determine t(-6).
-10
Let h = -18 - -5. Let d(z) be the third derivative of z**4/24 + 7*z**3/3 - 2*z**2 + 1001*z - 49. What is d(h)?
1
Let u = 7561 + -7585. Let r(v) = -v**3 - 25*v**2 - 28*v - 88. Determine r(u).
8
Let m(r) = -5*r. Let f(o) = o**3 - o**2 - 4*o + 13. Let n be f(0). Suppose -n*p + 20*p = 21. Give m(p).
-15
Suppose j - 6 = -1, -4*j = 5*d - 100. Suppose 7*g + d = -g. Let q(y) be the second derivative of -2*y**4/3 - 2*y**3/3 - y**2 - y. Give q(g).
-26
Let f(c) = 11*c + 12. Let r(a) = -30*a - 33. Let k(w) = 8*f(w) + 3*r(w). Let h(u) = -u**3 - 5*u**2. Let j be h(-5). Suppose 4*z = -j*z - 16. Calculate k(z).
5
Let s = -35 - -40. Suppose 10*n + s - 65 = 0. Suppose u = -4*l + 9, 4*l + 4*u = 3*l + n. Let q(k) = k**3 - 3*k**2 + 1. Give q(l).
-3
Let h = 18 - 10. Let f(p) be the second derivative of 1/12*p**4 + 0 + 174*p - 7/6*p**3 - 3*p**2. Calculate f(h).
2
Let w(o) = 14*o + 91. Let c be w(-7). Let s(u) = -2*u**3 + 3*u**2 - 15*u + 17. Let m(p) = -p**3 + p**2 - 8*p + 9. Let y(x) = c*m(x) + 4*s(x). Determine y(4).
5
Let w = -1141 - -1135. Let v(q) = q**2 + 5*q - 4. Let i(l) = 2*l**2 + 10*l - 7. Let d(n) = 3*i(n) - 7*v(n). What is d(w)?
1
Let y(x) be the second derivative of -3*x**3/2 - 3*x**2 + 10*x - 141. Give y(1).
-15
Let a be (2/(-4))/((-71)/426). Let z(t) = -8*t**2 + 2*t - 5. What is z(a)?
-71
Suppose -2*a = -125 + 121. Let u(d) = -9*d**2 + 3 - 6*d**2 - 10*d**a + 5*d + 22*d**2 - 4*d**2 + d**3. Give u(